{"id":132,"date":"2021-02-05T22:22:01","date_gmt":"2021-02-05T21:22:01","guid":{"rendered":"https:\/\/cl-balance.de\/?page_id=132"},"modified":"2026-02-22T10:44:03","modified_gmt":"2026-02-22T09:44:03","slug":"kontakt","status":"publish","type":"page","link":"https:\/\/cl-balance.de\/?page_id=132","title":{"rendered":"Kontakt"},"content":{"rendered":"\n<p>Ich freue mich \u00fcber Ihre Kontaktaufnahme. <img decoding=\"async\" class=\"wp-image-524 alignright\" style=\"width: 245px;\" src=\"https:\/\/cl-balance.de\/wp-content\/uploads\/2021\/02\/IMG_8116-scaled-e1613932892784.jpg\" alt=\"\" height=\"377\" srcset=\"https:\/\/cl-balance.de\/wp-content\/uploads\/2021\/02\/IMG_8116-scaled-e1613932892784.jpg 1305w, https:\/\/cl-balance.de\/wp-content\/uploads\/2021\/02\/IMG_8116-scaled-e1613932892784-195x300.jpg 195w, https:\/\/cl-balance.de\/wp-content\/uploads\/2021\/02\/IMG_8116-scaled-e1613932892784-665x1024.jpg 665w, https:\/\/cl-balance.de\/wp-content\/uploads\/2021\/02\/IMG_8116-scaled-e1613932892784-768x1182.jpg 768w, https:\/\/cl-balance.de\/wp-content\/uploads\/2021\/02\/IMG_8116-scaled-e1613932892784-998x1536.jpg 998w\" sizes=\"(max-width: 1305px) 100vw, 1305px\" \/><br \/>Gerne vereinbare ich pers\u00f6nlich einen Termin mit Ihnen oder schreiben Sie mir Ihre W\u00fcnsche und Vorstellungen \u00fcber dieses\u00a0 Kontaktformular.<\/p>\n<p>\u00a0<\/p>\n\n\n\n<p><strong>Clementine L\u00f6seke<\/strong><br>Josef-Schr\u00f6der-Str. 73a<br>D-33098 Paderborn<\/p>\n\n\n\n<p>Telefon : +49 (0) 176 97 82 60 19<br>E-Mail:&nbsp;<a href=\"mailto:info@cl-balance.de\">Clementine<\/a><a href=\"mailto:clementine@cl-balance.de\">@cl-balance.de<\/a><\/p>\n\n\n\n\n<div class=\"wpcf7 no-js\" id=\"wpcf7-f363-o1\" lang=\"de-DE\" dir=\"ltr\" data-wpcf7-id=\"363\">\n<div class=\"screen-reader-response\"><p role=\"status\" aria-live=\"polite\" aria-atomic=\"true\"><\/p> <ul><\/ul><\/div>\n<form action=\"\/index.php?rest_route=%2Fwp%2Fv2%2Fpages%2F132#wpcf7-f363-o1\" method=\"post\" class=\"wpcf7-form init\" aria-label=\"Kontaktformular\" novalidate=\"novalidate\" data-status=\"init\">\n<fieldset class=\"hidden-fields-container\"><input type=\"hidden\" name=\"_wpcf7\" value=\"363\" \/><input type=\"hidden\" name=\"_wpcf7_version\" value=\"6.1.5\" \/><input type=\"hidden\" name=\"_wpcf7_locale\" value=\"de_DE\" \/><input type=\"hidden\" name=\"_wpcf7_unit_tag\" value=\"wpcf7-f363-o1\" \/><input type=\"hidden\" name=\"_wpcf7_container_post\" value=\"0\" \/><input type=\"hidden\" name=\"_wpcf7_posted_data_hash\" value=\"\" \/>\n<\/fieldset>\n<p><label> Dein Name<br \/>\n<span class=\"wpcf7-form-control-wrap\" data-name=\"your-name\"><input size=\"40\" maxlength=\"400\" class=\"wpcf7-form-control wpcf7-text wpcf7-validates-as-required\" aria-required=\"true\" aria-invalid=\"false\" value=\"\" type=\"text\" name=\"your-name\" \/><\/span> <\/label>\n<\/p>\n<p><label> Deine E-Mail-Adresse<br \/>\n<span class=\"wpcf7-form-control-wrap\" data-name=\"your-email\"><input size=\"40\" maxlength=\"400\" class=\"wpcf7-form-control wpcf7-email wpcf7-validates-as-required wpcf7-text wpcf7-validates-as-email\" aria-required=\"true\" aria-invalid=\"false\" value=\"\" type=\"email\" name=\"your-email\" \/><\/span> <\/label>\n<\/p>\n<p><label> Betreff<br \/>\n<span class=\"wpcf7-form-control-wrap\" data-name=\"your-subject\"><input size=\"40\" maxlength=\"400\" class=\"wpcf7-form-control wpcf7-text wpcf7-validates-as-required\" aria-required=\"true\" aria-invalid=\"false\" value=\"\" type=\"text\" name=\"your-subject\" \/><\/span> <\/label>\n<\/p>\n<p><label> Deine Nachricht (optional)<br \/>\n<span class=\"wpcf7-form-control-wrap\" data-name=\"your-message\"><textarea cols=\"40\" rows=\"10\" maxlength=\"2000\" class=\"wpcf7-form-control wpcf7-textarea\" aria-invalid=\"false\" name=\"your-message\"><\/textarea><\/span> <\/label>\n<\/p>\n<p><input class=\"wpcf7-form-control wpcf7-submit has-spinner\" type=\"submit\" value=\"Senden\" \/>\n<\/p><div class=\"wpcf7-response-output\" aria-hidden=\"true\"><\/div>\n<\/form>\n<\/div>\n\n<p>\u00a0<\/p>\n","protected":false},"excerpt":{"rendered":"<p>Ich freue mich \u00fcber Ihre Kontaktaufnahme. Gerne vereinbare ich pers\u00f6nlich einen Termin mit Ihnen oder schreiben Sie mir Ihre W\u00fcnsche und Vorstellungen \u00fcber dieses\u00a0 Kontaktformular. \u00a0 Clementine L\u00f6sekeJosef-Schr\u00f6der-Str. 73aD-33098 Paderborn Telefon : +49 (0) 176 97 82 60 19E-Mail:&nbsp;Clementine@cl-balance.de \u00a0<\/p>\n","protected":false},"author":1,"featured_media":0,"parent":0,"menu_order":0,"comment_status":"closed","ping_status":"closed","template":"","meta":{"footnotes":""},"class_list":["post-132","page","type-page","status-publish","hentry"],"_links":{"self":[{"href":"https:\/\/cl-balance.de\/index.php?rest_route=\/wp\/v2\/pages\/132","targetHints":{"allow":["GET"]}}],"collection":[{"href":"https:\/\/cl-balance.de\/index.php?rest_route=\/wp\/v2\/pages"}],"about":[{"href":"https:\/\/cl-balance.de\/index.php?rest_route=\/wp\/v2\/types\/page"}],"author":[{"embeddable":true,"href":"https:\/\/cl-balance.de\/index.php?rest_route=\/wp\/v2\/users\/1"}],"replies":[{"embeddable":true,"href":"https:\/\/cl-balance.de\/index.php?rest_route=%2Fwp%2Fv2%2Fcomments&post=132"}],"version-history":[{"count":14,"href":"https:\/\/cl-balance.de\/index.php?rest_route=\/wp\/v2\/pages\/132\/revisions"}],"predecessor-version":[{"id":1407,"href":"https:\/\/cl-balance.de\/index.php?rest_route=\/wp\/v2\/pages\/132\/revisions\/1407"}],"wp:attachment":[{"href":"https:\/\/cl-balance.de\/index.php?rest_route=%2Fwp%2Fv2%2Fmedia&parent=132"}],"curies":[{"name":"wp","href":"https:\/\/api.w.org\/{rel}","templated":true}]}}